
17
What is the remainder when 7158 is divided by 55?
8
Calculate the remainder when 84078 is divided by 26.
20
What is the remainder when 2369160 is divided by 886?
882
Calculate the remainder when 19089 is divided by 2386.
1
What is the remainder when 66532 is divided by 20?
12
What is the remainder when 5870554 is divided by 239?
236
Calculate the remainder when 783209 is divided by 72.
65
What is the remainder when 2683 is divided by 445?
13
What is the remainder when 1662 is divided by 95?
47
Calculate the remainder when 8578 is divided by 6.
4
What is the remainder when 5605 is divided by 1864?
13
Calculate the remainder when 863 is divided by 139.
29
What is the remainder when 80720 is divided by 1523?
1
What is the remainder when 34001 is divided by 11324?
29
What is the remainder when 89180 is divided by 22291?
16
Calculate the remainder when 3356 is divided by 9.
8
What is the remainder when 664 is divided by 162?
16
What is the remainder when 7869 is divided by 67?
30
What is the remainder when 2354 is divided by 58?
34
What is the remainder when 2130532 is divided by 222?
220
Calculate the remainder when 4751 is divided by 1582.
5
Calculate the remainder when 255435 is divided by 36477.
96
Calculate the remainder when 5371 is divided by 4532.
839
What is the remainder when 10909 is divided by 3324?
937
Calculate the remainder when 47804 is divided by 4.
0
What is the remainder when 74441 is divided by 74423?
18
What is the remainder when 156885 is divided by 25?
10
What is the remainder when 7273 is divided by 312?
97
What is the remainder when 1347 is divided by 526?
295
What is the remainder when 18354 is divided by 140?
14
What is the remainder when 239299 is divided by 3988?
19
Calculate the remainder when 989 is divided by 342.
305
What is the remainder when 1222493 is divided by 5686?
3
Calculate the remainder when 172044 is divided by 95.
94
What is the remainder when 197530 is divided by 98711?
108
What is the remainder when 1660 is divided by 530?
70
Calculate the remainder when 27463 is divided by 227.
223
Calculate the remainder when 4884 is divided by 182.
152
What is the remainder when 8443 is divided by 2726?
265
Calculate the remainder when 21269 is divided by 2658.
5
What is the remainder when 4090 is divided by 18?
4
What is the remainder when 141310 is divided by 289?
278
What is the remainder when 116630 is divided by 53?
30
Calculate the remainder when 849 is divided by 82.
29
What is the remainder when 40961 is divided by 293?
234
What is the remainder when 74776 is divided by 269?
263
Calculate the remainder when 56269 is divided by 170.
169
What is the remainder when 8112 is divided by 647?
348
Calculate the remainder when 623 is divided by 121.
18
Calculate the remainder when 2220 is divided by 1101.
18
What is the remainder when 56189 is divided by 31?
17
Calculate the remainder when 15225 is divided by 9.
6
Calculate the remainder when 24818 is divided by 2246.
112
Calculate the remainder when 2716 is divided by 904.
4
Calculate the remainder when 16246 is divided by 492.
10
Calculate the remainder when 1960 is divided by 1575.
385
What is the remainder when 10020 is divided by 23?
15
What is the remainder when 1165156 is divided by 161?
160
Calculate the remainder when 720731 is divided by 17.
16
Calculate the remainder when 4267 is divided by 826.
137
Calculate the remainder when 23831 is divided by 24.
23
Calculate the remainder when 134544 is divided by 109.
38
Calculate the remainder when 37928 is divided by 9480.
8
Calculate the remainder when 5134 is divided by 1870.
1394
What is the remainder when 33812 is divided by 28?
16
What is the remainder when 2474 is divided by 168?
122
What is the remainder when 100287 is divided by 42?
33
Calculate the remainder when 7862 is divided by 1055.
477
Calculate the remainder when 11985 is divided by 1615.
680
What is the remainder when 25636 is divided by 95?
81
Calculate the remainder when 57287 is divided by 132.
131
Calculate the remainder when 228376 is divided by 19031.
4
Calculate the remainder when 24158 is divided by 2414.
18
What is the remainder when 520136 is divided by 173377?
5
What is the remainder when 550 is divided by 469?
81
What is the remainder when 722427 is divided by 2571?
2547
Calculate the remainder when 195112 is divided by 120.
112
Calculate the remainder when 813 is divided by 206.
195
What is the remainder when 12017 is divided by 998?
41
What is the remainder when 544 is divided by 161?
61
Calculate the remainder when 23109 is divided by 4433.
944
Calculate the remainder when 6671 is divided by 121.
16
What is the remainder when 65259 is divided by 149?
146
What is the remainder when 11280070 is divided by 11?
10
What is the remainder when 5262 is divided by 170?
162
What is the remainder when 82612 is divided by 193?
8
Calculate the remainder when 95027 is divided by 105.
2
Calculate the remainder when 467 is divided by 191.
85
What is the remainder when 31743 is divided by 662?
629
What is the remainder when 39673 is divided by 6612?
1
What is the remainder when 7058 is divided by 107?
103
What is the remainder when 229 is divided by 44?
9
What is the remainder when 45258 is divided by 620?
618
Calculate the remainder when 5235 is divided by 1156.
611
Calculate the remainder when 16002 is divided by 59.
13
What is the remainder when 1705 is divided by 95?
90
Calculate the remainder when 844 is divided by 381.
82
What is the remainder when 5179 is divided by 1724?
7
What is the remainder when 642779 is divided by 98?
95
What is the remainder when 48576 is divided by 593?
543
What is the remainder when 19641 is divided by 758?
691
What is the remainder when 14214 is divided by 417?
36
Calculate the remainder when 32384 is divided by 178.
166
Calculate the remainder when 423 is divided by 163.
97
Calculate the remainder when 1343 is divided by 8.
7
What is the remainder when 16446 is divided by 22?
12
Calculate the remainder when 655831 is divided by 584.
583
What is the remainder when 678349 is divided by 2449?
2425
Calculate the remainder when 334270 is divided by 966.
34
Calculate the remainder when 411024 is divided by 3574.
14
What is the remainder when 13249 is divided by 4407?
28
What is the remainder when 597988 is divided by 67?
13
What is the remainder when 95036 is divided by 132?
128
Calculate the remainder when 918 is divided by 335.
248
What is the remainder when 10648 is divided by 142?
140
What is the remainder when 5263 is divided by 118?
71
Calculate the remainder when 914 is divided by 136.
98
Calculate the remainder when 1575 is divided by 446.
237
Calculate the remainder when 705594 is divided by 16.
10
What is the remainder when 551696 is divided by 68?
12
What is the remainder when 163112 is divided by 122?
120
What is the remainder when 262078 is divided by 273?
271
Calculate the remainder when 47862 is divided by 278.
46
What is the remainder when 2212 is divided by 31?
11
Calculate the remainder when 14507 is divided by 19.
10
What is the remainder when 17862 is divided by 36?
6
Calculate the remainder when 122382 is divided by 868.
862
Calculate the remainder when 8749 is divided by 32.
13
Calculate the remainder when 26789 is divided by 394.
391
Calculate the remainder when 18081 is divided by 1496.
129
Calculate the remainder when 220829 is divided by 64.
29
Calculate the remainder when 234352 is divided by 1347.
1321
What is the remainder when 4883 is divided by 65?
8
Calculate the remainder when 781 is divided by 562.
219
What is the remainder when 22779 is divided by 68?
67
Calculate the remainder when 7365 is divided by 35.
15
What is the remainder when 2100 is divided by 653?
141
What is the remainder when 89724 is divided by 701?
697
What is the remainder when 22593 is divided by 236?
173
Calculate the remainder when 26237 is divided by 18.
11
What is the remainder when 691 is divided by 351?
340
What is the remainder when 3458 is divided by 806?
234
Calculate the remainder when 15131 is divided by 1698.
1547
Calculate the remainder when 3254 is divided by 359.
23
What is the remainder when 274060 is divided by 46?
38
Calculate the remainder when 5150 is divided by 194.
106
Calculate the remai